{"id":229,"date":"2023-05-24T16:14:37","date_gmt":"2023-05-24T16:14:37","guid":{"rendered":"https:\/\/ecuadorwonders.com\/tours\/?post_type=product&#038;p=229"},"modified":"2023-06-12T09:32:25","modified_gmt":"2023-06-12T09:32:25","slug":"spring-city-and-the-rhythm-of-salsa-medellin-cali-2023-6-nights-7-days","status":"publish","type":"product","link":"https:\/\/ecuadorwonders.com\/tours\/producto\/spring-city-and-the-rhythm-of-salsa-medellin-cali-2023-6-nights-7-days\/","title":{"rendered":"SPRING CITY AND THE RHYTHM OF SALSA MEDELLIN \u2013 CALI 7d\/6n"},"content":{"rendered":"<div class=\"accordion\">\n<div id=\"accordion-2231909390\" class=\"accordion-item\"><a id=\"accordion-2231909390-label\" href=\"#\" class=\"accordion-title plain\" aria-expanded=\"false\" aria-controls=\"accordion-2231909390-content\"><button class=\"toggle\" aria-label=\"Toggle\"><i class=\"icon-angle-down\"><\/i><\/button><span>Day 1 - MEDELLIN<\/span><\/a><div id=\"accordion-2231909390-content\" class=\"accordion-inner\" aria-labelledby=\"accordion-2231909390-label\">\n<p>Arrival, assistance at the airport and transfer in private service to the chosen hotel. Accommodation.<br \/>\nAccommodation in a selected hotel<br \/>\nB\/-\/-<\/p>\n<\/div><\/div>\n<div id=\"accordion-1543118505\" class=\"accordion-item\"><a id=\"accordion-1543118505-label\" href=\"#\" class=\"accordion-title plain\" aria-expanded=\"false\" aria-controls=\"accordion-1543118505-content\"><button class=\"toggle\" aria-label=\"Toggle\"><i class=\"icon-angle-down\"><\/i><\/button><span>Day 2 - MEDELLIN - PRIVATE TOUR OF THE CITY<\/span><\/a><div id=\"accordion-1543118505-content\" class=\"accordion-inner\" aria-labelledby=\"accordion-1543118505-label\">\n<p>Breakfast at the hotel. Panoramic tour of the city visiting the sites of greatest interest. Explore the historic center of Medell\u00edn and listen to local musicians and traditional Guasca music while visiting Parque Berr\u00edo. From the center of Medell\u00edn walk to the famous Plaza Botero with an exhibition of the Colombian artist Fernando Botero. His sculptures are now an emblem of the city. With the metrocable go up to the commune of Santo Domingo, one of the areas most affected by violence and paramilitarism in Medell\u00edn. The metrocable was built to make the center accessible to people living on the outskirts of Medell\u00edn. That allows visitors a glimpse into the lives of the marginalized population. Enjoying this spectacular view, learn more about the transformation of Medell\u00edn. Back to the hotel.<br \/>\nDays of operation: Daily. Duration: 4 hours approx. Departures: 09:00 or 14:00.<br \/>\nAccommodation in a selected hotel<br \/>\nB\/-\/-<\/p>\n<\/div><\/div>\n<div id=\"accordion-3081766929\" class=\"accordion-item\"><a id=\"accordion-3081766929-label\" href=\"#\" class=\"accordion-title plain\" aria-expanded=\"false\" aria-controls=\"accordion-3081766929-content\"><button class=\"toggle\" aria-label=\"Toggle\"><i class=\"icon-angle-down\"><\/i><\/button><span>Day 3 - MEDELLIN \u2013 PE\u00d1OL RESERVOIR AND GUATAPE TOUR<\/span><\/a><div id=\"accordion-3081766929-content\" class=\"accordion-inner\" aria-labelledby=\"accordion-3081766929-label\">\n<p>Breakfast at the hotel. At the agreed time, departure from the hotel to carry out the route, it passes through towns such as Marinilla where we find colonial buildings and a fervent religious tradition, through Nuevo Pe\u00f1ol, a municipality that replaced the old Pe\u00f1ol that was flooded to build the Pe\u00f1ol &#8211; Guatap\u00e9 reservoir at the end of the 1970s. We will get to know the Piedra del Pe\u00f1ol, a 220-meter-high rock and finally we will visit the municipality of Guatap\u00e9, where the houses stand out for their plinths and facades from the 20th century, as well as the reservoir boardwalk. At the end of the day we return to your hotel &#8211; The ascent to the Piedra del Pe\u00f1ol (659 steps) is optional, it is not included.<br \/>\nIncludes: Transportation, guide, lunch. Operation: Monday to Sunday Duration: 8 hours approximately<br \/>\nDoes not include: Ticket to climb the Stone<br \/>\nAccommodation in a selected hotel<br \/>\nB\/L\/-<\/p>\n<\/div><\/div>\n<div id=\"accordion-3056522494\" class=\"accordion-item\"><a id=\"accordion-3056522494-label\" href=\"#\" class=\"accordion-title plain\" aria-expanded=\"false\" aria-controls=\"accordion-3056522494-content\"><button class=\"toggle\" aria-label=\"Toggle\"><i class=\"icon-angle-down\"><\/i><\/button><span>Day 4 - MEDELLIN \u2013 CALI (FLIGHT NOT INCLUDED)<\/span><\/a><div id=\"accordion-3056522494-content\" class=\"accordion-inner\" aria-labelledby=\"accordion-3056522494-label\">\n<p>Breakfast at the hotel. At the indicated time, transfer to the Medellin airport to take a flight to the city of Cali (air flight not included). Arrival in Cali known as the &#8220;sky branch&#8221;, reception and transfer with all biosafety protocols established from the airport, transfer to the chosen hotel in Cali.<br \/>\nAccommodation in a selected hotel<br \/>\nB\/-\/-<\/p>\n<\/div><\/div>\n<div id=\"accordion-2502056567\" class=\"accordion-item\"><a id=\"accordion-2502056567-label\" href=\"#\" class=\"accordion-title plain\" aria-expanded=\"false\" aria-controls=\"accordion-2502056567-content\"><button class=\"toggle\" aria-label=\"Toggle\"><i class=\"icon-angle-down\"><\/i><\/button><span>Day 5 - CALI \u2013 PRIVATE TOUR OF THE CITY<\/span><\/a><div id=\"accordion-2502056567-content\" class=\"accordion-inner\" aria-labelledby=\"accordion-2502056567-label\">\n<p>Breakfast at the hotel. The City Tour begins with a visit to the most emblematic places in the city, a walk along Paseo Bol\u00edvar, Puente Ort\u00edz, La Ermita church, Caycedo square, Bulevar del R\u00edo and La Merced Church (place where Cali was founded). We continue to the colonial neighborhood of San Antonio, where the second oldest church in Cali (1747) is located, we continue to Gato del R\u00edo, the Novias del Gato park, the word Cali and Cristo Rey where passengers can enjoy a beautiful panorama of the city.<br \/>\nWe end the tour in a craft store where we will have a delicious snack typical of the region. Back to the hotel.<br \/>\nAccommodation.<br \/>\nDuration: 4 hours approx.<br \/>\nOperation: Daily<br \/>\nIncludes: Transfers, hydration, snacks and professional guide<br \/>\nNote: Due to the remodeling of Cristo Rey, it has not yet been confirmed if the entrance will have a cost (if a cost is confirmed, the passenger must assume it and pay at the destination).<br \/>\nAccommodation in a selected hotel<br \/>\nB\/-\/-<\/p>\n<\/div><\/div>\n<div id=\"accordion-2904727966\" class=\"accordion-item\"><a id=\"accordion-2904727966-label\" href=\"#\" class=\"accordion-title plain\" aria-expanded=\"false\" aria-controls=\"accordion-2904727966-content\"><button class=\"toggle\" aria-label=\"Toggle\"><i class=\"icon-angle-down\"><\/i><\/button><span>Day 6 - CALI \u2013 Salsa Tour<\/span><\/a><div id=\"accordion-2904727966-content\" class=\"accordion-inner\" aria-labelledby=\"accordion-2904727966-label\">\n<p>Breakfast at the hotel. We start the tour in the Jairo Varela square where there is a monument made up of 4 trumpets that form the word Niche, below them you will find written the songs of the group that you can read and dance while listening to them.<br \/>\nWe continue to the Carlos Molina Salsa Museum, one of the oldest in the world where you will find thousands of photos of artists who have visited the city and scores of iconic songs that tell the story of what Salsa has been and represented for the Cali culture and identity.<br \/>\nAmong the scores, the songs stand out: \u201cmis desenga\u00f1os\u201d by Roberto Roena and \u201cllorar\u00e1s\u201d by Oscar de Le\u00f3n. We will end the tour in the traditional Obrero neighborhood where the statue of Piper Pimienta Diaz, author of the song &#8220;Las Calie\u00f1as son como las flores&#8221; is located. Back to the hotel. Accommodation.<br \/>\nDuration: 4 hours approx.<br \/>\nOperation: Monday to Saturday.<br \/>\nIncludes: Transportation, hydration, snacks, guide, entrance to the Salsa Museum and 1 hour of salsa class.<br \/>\nNote: With the payment of the entrance to the salsa museum we are supporting the foundation created by them to help children in the area in their artistic training.<br \/>\nAccommodation in a selected hotel<br \/>\nB\/-\/-<\/p>\n<\/div><\/div>\n<div id=\"accordion-1828087061\" class=\"accordion-item\"><a id=\"accordion-1828087061-label\" href=\"#\" class=\"accordion-title plain\" aria-expanded=\"false\" aria-controls=\"accordion-1828087061-content\"><button class=\"toggle\" aria-label=\"Toggle\"><i class=\"icon-angle-down\"><\/i><\/button><span>Day 7 - CALI<\/span><\/a><div id=\"accordion-1828087061-content\" class=\"accordion-inner\" aria-labelledby=\"accordion-1828087061-label\">\n<p>Breakfast at the hotel. Assistance by an advisor from our agency who will accompany you in your transfer to the airport to take your flight to the city of origin.<\/p>\n<\/div><\/div>\n<\/div>\n<p><strong>END OF SERVICES<\/strong><\/p>\n<h3><strong>2023 PRICES PER PERSON IN USD<\/strong><\/h3>\n<table>\n<tbody>\n<tr>\n<td width=\"121\"><strong>TOURIST CATEGORY HOTELS<\/strong><\/td>\n<td colspan=\"4\" width=\"409\">\u00a0<\/td>\n<\/tr>\n<tr>\n<td colspan=\"2\" width=\"228\"><strong>Hotels<\/strong><\/td>\n<td width=\"111\"><strong>Double <\/strong><\/td>\n<td width=\"93\"><strong>Triple <\/strong><\/td>\n<td width=\"99\"><strong>Single<\/strong><\/td>\n<\/tr>\n<tr>\n<td width=\"121\"><strong>Medellin <\/strong><\/td>\n<td width=\"106\"><strong>Cali <\/strong><\/td>\n<td>\u00a0<\/td>\n<td>\u00a0<\/td>\n<td>\u00a0<\/td>\n<\/tr>\n<tr>\n<td width=\"121\">Caf\u00e9 by Lars<br \/><strong><em>Superior Twin<\/em><\/strong><\/td>\n<td width=\"106\">Cosmos Cali<br \/><strong><em>Superior<\/em><\/strong><\/td>\n<td width=\"111\"><strong>USD <\/strong><strong>660<\/strong><\/td>\n<td width=\"93\"><strong>USD <\/strong><strong>588<\/strong><\/td>\n<td width=\"99\"><strong>USD <\/strong><strong>1200<\/strong><\/td>\n<\/tr>\n<\/tbody>\n<\/table>\n<table>\n<tbody>\n<tr>\n<td width=\"121\"><strong>SUPERIOR TOURIST CATEGORY HOTELS<\/strong><\/td>\n<td colspan=\"4\" width=\"409\">\u00a0<\/td>\n<\/tr>\n<tr>\n<td width=\"121\"><strong>Hotels<\/strong><\/td>\n<td width=\"106\"><strong>Validity <\/strong><\/td>\n<td width=\"111\"><strong>Double <\/strong><\/td>\n<td width=\"93\"><strong>Triple <\/strong><\/td>\n<td width=\"99\"><strong>Single<\/strong><\/td>\n<\/tr>\n<tr>\n<td width=\"121\"><strong>Medellin <\/strong><\/td>\n<td width=\"106\"><strong>Cali <\/strong><\/td>\n<td>\u00a0<\/td>\n<td>\u00a0<\/td>\n<td>\u00a0<\/td>\n<\/tr>\n<tr>\n<td width=\"121\">Poblado Plaza<br \/><strong><em>Superior<\/em><\/strong><\/td>\n<td width=\"106\">Cosmos Cali<br \/><strong><em>Superior<\/em><\/strong><\/td>\n<td width=\"111\"><strong>USD <\/strong><strong>676<\/strong><\/td>\n<td width=\"93\"><strong>USD <\/strong><strong>618<\/strong><\/td>\n<td width=\"99\"><strong>USD <\/strong><strong>1260<\/strong><\/td>\n<\/tr>\n<\/tbody>\n<\/table>\n<table>\n<tbody>\n<tr>\n<td width=\"121\"><strong>FIRST CATEGORY HOTELS<\/strong><\/td>\n<td colspan=\"4\" width=\"410\">\u00a0<\/td>\n<\/tr>\n<tr>\n<td width=\"121\"><strong>Hotels<\/strong><\/td>\n<td width=\"108\"><strong>Validity <\/strong><\/td>\n<td width=\"111\"><strong>Double <\/strong><\/td>\n<td width=\"93\"><strong>Triple <\/strong><\/td>\n<td width=\"98\"><strong>Single<\/strong><\/td>\n<\/tr>\n<tr>\n<td width=\"121\"><strong>Medellin <\/strong><\/td>\n<td width=\"108\"><strong>Cali <\/strong><\/td>\n<td>\u00a0<\/td>\n<td>\u00a0<\/td>\n<td>\u00a0<\/td>\n<\/tr>\n<tr>\n<td width=\"121\">Diez<br \/><strong><em>Superior<\/em><\/strong><\/td>\n<td width=\"108\">Nh Royal<br \/><strong><em>Estandar<\/em><\/strong><\/td>\n<td width=\"111\"><strong>USD <\/strong><strong>730<\/strong><\/td>\n<td width=\"93\"><strong>USD <\/strong><strong>660<\/strong><\/td>\n<td width=\"98\"><strong>USD 1<\/strong><strong>325<\/strong><\/td>\n<\/tr>\n<tr>\n<td width=\"121\">Diez<br \/><strong><em>Superior<\/em><\/strong><\/td>\n<td width=\"108\">Spiwar<\/p>\n<p><strong><em>Luxury<\/em><\/strong><\/p>\n<\/td>\n<td width=\"111\"><strong>USD <\/strong><strong>800<\/strong><\/td>\n<td width=\"93\"><strong>USD <\/strong><strong>730<\/strong><\/td>\n<td width=\"98\"><strong>USD <\/strong><strong>1453<\/strong><\/td>\n<\/tr>\n<\/tbody>\n<\/table>\n<h3><strong>SUPPLEMENT FOR SERVICES WITH GUIDE IN ENGLISH &#8211; PRICE PER PERSON 2023<\/strong><\/h3>\n<table>\n<tbody>\n<tr>\n<td><strong>1 pax <\/strong><\/td>\n<td><strong>2 pax <\/strong><\/td>\n<td><strong>3 pax <\/strong><\/td>\n<\/tr>\n<tr>\n<td><strong>288<\/strong><\/td>\n<td><strong>240<\/strong><\/td>\n<td><strong>225<\/strong><\/td>\n<\/tr>\n<\/tbody>\n<\/table>\n<h3>RATE CONDITIONS:<strong><br \/><\/strong><\/h3>\n<ul>\n<li>Rates do not apply to high season: Easter week, recess week, fairs and events within the cities.<strong><br \/>(Colombia Tex, Colombia Fashion, Flower Fair, Cali Fair, Pan American). Ask your adviser.<\/strong><\/li>\n<li>Prices subject to change without prior notice and availability at the time of booking.<\/li>\n<li>This program operates with a minimum of 1 person.<\/li>\n<\/ul>\n","protected":false},"excerpt":{"rendered":"<p>Immerse yourself in the vibrant cities of Medellin and Cali on this 7-day cultural journey through Colombia. Experience the lively atmosphere, rich history, and iconic landmarks of Medellin, known as the City of Eternal Spring. Explore the historic center, visit Plaza Botero, and take a cable car ride to Santo Domingo to witness the city&#8217;s transformation. Then, travel to Cali, the Salsa Capital of the World, and discover its cultural heritage through a city tour and a visit to the Salsa Museum. Dance to the rhythm of salsa and indulge in the flavors of Colombia&#8217;s culinary delights. This journey promises an unforgettable experience of Colombian culture and rhythm.<\/p>\n","protected":false},"featured_media":387,"comment_status":"closed","ping_status":"closed","template":"","meta":[],"product_cat":[18],"product_tag":[],"class_list":["post-229","product","type-product","status-publish","has-post-thumbnail","hentry","product_cat-colombia"],"acf":[],"_links":{"self":[{"href":"https:\/\/ecuadorwonders.com\/tours\/wp-json\/wp\/v2\/product\/229","targetHints":{"allow":["GET"]}}],"collection":[{"href":"https:\/\/ecuadorwonders.com\/tours\/wp-json\/wp\/v2\/product"}],"about":[{"href":"https:\/\/ecuadorwonders.com\/tours\/wp-json\/wp\/v2\/types\/product"}],"replies":[{"embeddable":true,"href":"https:\/\/ecuadorwonders.com\/tours\/wp-json\/wp\/v2\/comments?post=229"}],"wp:featuredmedia":[{"embeddable":true,"href":"https:\/\/ecuadorwonders.com\/tours\/wp-json\/wp\/v2\/media\/387"}],"wp:attachment":[{"href":"https:\/\/ecuadorwonders.com\/tours\/wp-json\/wp\/v2\/media?parent=229"}],"wp:term":[{"taxonomy":"product_cat","embeddable":true,"href":"https:\/\/ecuadorwonders.com\/tours\/wp-json\/wp\/v2\/product_cat?post=229"},{"taxonomy":"product_tag","embeddable":true,"href":"https:\/\/ecuadorwonders.com\/tours\/wp-json\/wp\/v2\/product_tag?post=229"}],"curies":[{"name":"wp","href":"https:\/\/api.w.org\/{rel}","templated":true}]}}