{"id":221,"date":"2023-05-24T15:47:54","date_gmt":"2023-05-24T15:47:54","guid":{"rendered":"https:\/\/ecuadorwonders.com\/tours\/?post_type=product&#038;p=221"},"modified":"2023-06-12T14:03:22","modified_gmt":"2023-06-12T14:03:22","slug":"iconic-colombia-13-nights-14-days-bogota-medellin-pereira-cartagena-santa-marta","status":"publish","type":"product","link":"https:\/\/ecuadorwonders.com\/tours\/producto\/iconic-colombia-13-nights-14-days-bogota-medellin-pereira-cartagena-santa-marta\/","title":{"rendered":"Iconic Colombia BOGOTA + MEDELLIN + PEREIRA + CARTAGENA + SANTA MARTA 13d\/12n"},"content":{"rendered":"<div class=\"accordion\">\n<div id=\"accordion-1152820117\" class=\"accordion-item\"><a id=\"accordion-1152820117-label\" href=\"#\" class=\"accordion-title plain\" aria-expanded=\"false\" aria-controls=\"accordion-1152820117-content\"><button class=\"toggle\" aria-label=\"Toggle\"><i class=\"icon-angle-down\"><\/i><\/button><span>Day 1. - BOGOTA<\/span><\/a><div id=\"accordion-1152820117-content\" class=\"accordion-inner\" aria-labelledby=\"accordion-1152820117-label\">\nArrival in the City of Bogot\u00e1, welcome and assistance at the El Dorado International Airport. Transfer to the hotel and check-in.<\/p>\n<p>Accommodation in a selected hotel<br \/>\n-\/-\/-<\/p>\n<\/div><\/div><div id=\"accordion-3706823017\" class=\"accordion-item\"><a id=\"accordion-3706823017-label\" href=\"#\" class=\"accordion-title plain\" aria-expanded=\"false\" aria-controls=\"accordion-3706823017-content\"><button class=\"toggle\" aria-label=\"Toggle\"><i class=\"icon-angle-down\"><\/i><\/button><span>Day 2. - BOGOTA - CITY TOUR + MONSERRATE<\/span><\/a><div id=\"accordion-3706823017-content\" class=\"accordion-inner\" aria-labelledby=\"accordion-3706823017-label\">\n<p>Breakfast at the hotel . City tour through the historic center of Bogot\u00e1 also called &#8220;La Candelaria&#8221;. We will visit the Gold Museum, where about 34,000 pieces of pre-Hispanic gold and more than 5,000 pre-Columbian objects are presented. Later, we will visit Casa de la Moneda and Donaci\u00f3n Botero, where art pieces from the master Fernando Botero are exhibited. Fernando Botero is an internationally recognized Colombian artist different techniques such as painting, drawing and sculpture. Later on we will take a panoramic tour visiting the Bolivar Square (the Prime cathedral, the Casa de Nari\u00f1o \u2013 presidential house, the Li\u00e9vano Palace \u2013 Mayor Hall and the Palace of Justice). Visit to the Monserrate Hill.In the afternoon I return to the Hotel . Accommodation.<\/p>\n<p>Duration: 6 hours<br \/>\nIncludes: Private transportation, professional tour guide in English, Entrance to the Gold Museum, Casa de la Moneda and Botero Donation, ascent to Monserrate.<br \/>\nImportant Note: Gold Museum is closed on Mondays and Casa de la Moneda and Donaci\u00f3n Botero are closed on Tuesdays.<\/p>\n<p>Accommodation in a selected hotel<br \/>\nB\/-\/-<\/p>\n<\/div><\/div><div id=\"accordion-2309233723\" class=\"accordion-item\"><a id=\"accordion-2309233723-label\" href=\"#\" class=\"accordion-title plain\" aria-expanded=\"false\" aria-controls=\"accordion-2309233723-content\"><button class=\"toggle\" aria-label=\"Toggle\"><i class=\"icon-angle-down\"><\/i><\/button><span>Day 3. - BOGOT\u00c1 \u2013 ZIPAQUIR\u00c1 + GUATAVITA<\/span><\/a><div id=\"accordion-2309233723-content\" class=\"accordion-inner\" aria-labelledby=\"accordion-2309233723-label\">\n<p>Breakfast at the hotel. Visit to the Sacred Lagoon of Guatavita and the Zipaquir\u00e1 Salt Cathedral. A complete circuit passing through the so-called \u201cSabana de Bogot\u00e1\u201d and visiting Zipaquir\u00e1 Salt Cathedral as the first destination. This Cathedral is one of the main tourist sites in Colombia, cataloged as the first wonder of Colombia built 180 meters deep in a salt mine. Afterwards, we will go to the Sacred Lagoon of Guatavita, known historically and worldwide by the legend of &#8220;El Dorado&#8221;. In the afternoon, return to the hotel. Accommodation.<br \/>\nDuration: 10 hours<br \/>\nIncludes: Professional tour guide in English, private transportation, entrance to the Zipaquir\u00e1 Salt Cathedral, entrance to the Guatavita Lagoon and typical lunch.<\/p>\n<p>Accommodation in a selected hotel<br \/>\nB\/L\/-<\/p>\n<\/div><\/div><div id=\"accordion-250393532\" class=\"accordion-item\"><a id=\"accordion-250393532-label\" href=\"#\" class=\"accordion-title plain\" aria-expanded=\"false\" aria-controls=\"accordion-250393532-content\"><button class=\"toggle\" aria-label=\"Toggle\"><i class=\"icon-angle-down\"><\/i><\/button><span>Day 4 - BOGOTA \u2013 MEDELLIN<\/span><\/a><div id=\"accordion-250393532-content\" class=\"accordion-inner\" aria-labelledby=\"accordion-250393532-label\">\n<p>Breakfast at the hotel. Transfer to the El Dorado International Airport to take the flight (Not Included) to Medellin.<br \/>\nSuggested internal flight itineraries (Not included in the Program)<\/p>\n<p>AIRLINE ROUTE DEPARTURE TIME ARRIVAL TIME<br \/>\nAvianca Bogota &#8211; Medellin 9:50 hrs 11:52 hrs<\/p>\n<p>Arrival. Welcome and assistance at the Jos\u00e9 Maria C\u00f3rdova International Airport. Transfer to the hotel and check &#8211; in.<\/p>\n<p>Accommodation in a selected hotel<br \/>\nB\/-\/-<\/p>\n<\/div><\/div><div id=\"accordion-1238887727\" class=\"accordion-item\"><a id=\"accordion-1238887727-label\" href=\"#\" class=\"accordion-title plain\" aria-expanded=\"false\" aria-controls=\"accordion-1238887727-content\"><button class=\"toggle\" aria-label=\"Toggle\"><i class=\"icon-angle-down\"><\/i><\/button><span>Day 5. - MEDELL\u00cdN \u2013 CITY TOUR + COMUNA 13<\/span><\/a><div id=\"accordion-1238887727-content\" class=\"accordion-inner\" aria-labelledby=\"accordion-1238887727-label\">\n<p>Breakfast at the hotel. City Tour + Comuna 13 Tour. Visit to the main sites of the city such as the San Antonio Park, San Ignacio Square, Avenida La Playa, Parque de Las Esculturas, which hosts more than 20 sculptures donated by Master Fernando Botero, Parque de los Deseos and the Atanasio Girardot Sports Unit, as well as the remodeled Convention Center La Macarena former bullring. Additionally, the traditional Pueblito Paisa will be visited. Later they will go to the Poblado area, where we will visit the Parque del Poblado, Parque Lleras and the Golden Mile, the financial and hotel heart of the city.<br \/>\nThe visit continues to Comuna 13 of Medell\u00edn. There we will enjoy a grafitti tour highlighting the social transformation of the area. These murals have been made by different artists from the area, where they reveal the stories that move and inspire hope. The tour ends with a visit to the iconic Electric Stairs of Comuna 13. Return to the hotel. Accommodation.<br \/>\nDuration: 7 Hours<br \/>\nIncludes : Professional tour guide in English, private transportation . Metro entrance and Cable and Graffitour metro (Comuna 13).<\/p>\n<p>Accommodation in a selected hotel<br \/>\nB\/-\/-<\/p>\n<\/div><\/div><div id=\"accordion-1481847747\" class=\"accordion-item\"><a id=\"accordion-1481847747-label\" href=\"#\" class=\"accordion-title plain\" aria-expanded=\"false\" aria-controls=\"accordion-1481847747-content\"><button class=\"toggle\" aria-label=\"Toggle\"><i class=\"icon-angle-down\"><\/i><\/button><span>Day 6 - MEDELL\u00cdN \u2013 PE\u00d1OL AND GUATAP\u00c9.<\/span><\/a><div id=\"accordion-1481847747-content\" class=\"accordion-inner\" aria-labelledby=\"accordion-1481847747-label\">\n<p>Breakfast at the hotel. Tour to the municipality of Pe\u00f1ol admiring the diversity of its architecture. Visit to the replica of the original town where the colonial style will be appreciated a little. The original town was sink in order to build the water reservoir. Later we will go to the majestic Piedra del Pe\u00f1ol, a monolith 220 meters high. The visit will continue to the town of Guatap\u00e9 famous for the details of the plinths, drawings and paintings in high relief with which the houses of the town are adorned (this tour It is done by motorcycle taxi) and finally, you will visit the Pe\u00f1ol and Guatap\u00e9 reservoirs where you can enjoy the contrast between green mountains and mirrors of water. In the afternoon, return to the hotel. Accommodation.<br \/>\nDuration: 8 hours.<br \/>\nIncludes: Professional tour guide in English, transportation , motorcycle taxi tour, typical lunch at a local restaurant.<br \/>\nDoes not include: Piedra Pe\u00f1ol Ascent, boat trip through the Pe\u00f1ol-Guatap\u00e9 reservoir.<\/p>\n<p>Accommodation in a selected hotel<br \/>\nB\/L\/-<\/p>\n<\/div><\/div><div id=\"accordion-2209646064\" class=\"accordion-item\"><a id=\"accordion-2209646064-label\" href=\"#\" class=\"accordion-title plain\" aria-expanded=\"false\" aria-controls=\"accordion-2209646064-content\"><button class=\"toggle\" aria-label=\"Toggle\"><i class=\"icon-angle-down\"><\/i><\/button><span>Day 7 - MEDELL\u00cdN \u2013 PEREIRA \u2013 VISIT TO THE COFFEE FARM \u2013 INTERACTIVE COFFEE PROCESS<\/span><\/a><div id=\"accordion-2209646064-content\" class=\"accordion-inner\" aria-labelledby=\"accordion-2209646064-label\">\n<p>Breakfast at the hotel. Transfer to the Jos\u00e9 Maria C\u00f3rdova International Airport to take the flight ( Not Included) towards the city of Pereira.<br \/>\nSuggested internal flight itineraries (Not included in the Program)<\/p>\n<p>AIRLINE ROUTE DEPARTURE TIME ARRIVAL TIME<br \/>\nAvianca Medellin &#8211; Pereira 9:34 hrs 12:31 hrs (1 stop)<\/p>\n<p>Arrival in Pereira and welcome at the Mateca\u00f1a International Airport , from where the journey to the municipality of Santa Rosa de Cabal will begin. Once you arrive at the Coffee Farm, the tour begins in the company of a local expert, taking visitors through beautiful specialty coffee plantations, explaining the coffee process from planting to selective manual harvesting, and pulping. After this, we will roast special coffee beans on a wood stove in the kitchen of the typical peasant house where we can have an authentic coffee experience.<\/p>\n<p>On the tour there are several stations with viewpoints made of bamboo where we can appreciate the beautiful landscape and natural environment of the place while enjoying a cup of coffee. Finally, we go to the innovative process of drying the coffee beans and then to the mill, ending up in the main house where we are refreshed with a delicious coffee lemonade. Return to the hotel. Accommodation.<br \/>\nDuration: 04 hours<br \/>\nIncludes: Professional tour guide in English and environmental interpretation, private transportation, interactive Caf\u00e9 process, assistance by expert staff from the hacienda and typical lunch.<\/p>\n<p>Accommodation in a selected hotel<br \/>\nB\/L\/-<\/p>\n<\/div><\/div><div id=\"accordion-1733991240\" class=\"accordion-item\"><a id=\"accordion-1733991240-label\" href=\"#\" class=\"accordion-title plain\" aria-expanded=\"false\" aria-controls=\"accordion-1733991240-content\"><button class=\"toggle\" aria-label=\"Toggle\"><i class=\"icon-angle-down\"><\/i><\/button><span>Day 8. - PEREIRA \u2013 VISIT SALENTO AND C\u00d3CORA VALLEY<\/span><\/a><div id=\"accordion-1733991240-content\" class=\"accordion-inner\" aria-labelledby=\"accordion-1733991240-label\">\n<p>Breakfast at the hotel . At the agreed time, the tour to the Valle del Cocora will begin, appreciating the beautiful landscape of the place. Once reaching the Valley, we will have a welcome cocktail (Canelazo) and assistance by a specialized eco-guide from Cocor\u00e1 who introduces the Cocor\u00e1 Nature Reserve. Walking to the cloud forest where we will appreciate the diversity of fauna and flora of the place. An ecological path will take us to the tallest wax palm in the world and national flagship tree where we will take part of the ritual of the wax palm of Quind\u00edo. This consists of knowing the history of how the early inhabitants of the area worshiped this palm. After that we will plant palm seedlings. Transfer to the typical town of Salento where we will have a walking tour visiting its colonial streets, artisan workshops and the Cocora viewpoint. Back to the hotel. Accommodation.<br \/>\nDuration: 07 hours approx.<br \/>\nIt includes: Professional tour guide in English and environmental interpretation, private transportation , Ritual of the wax palm tasting Canelazo.<br \/>\nOptional Lunch Supplement : 31 Usd per person .<\/p>\n<p>Accommodation in a selected hotel<br \/>\nB\/-\/-<\/p>\n<\/div><\/div><div id=\"accordion-2268249028\" class=\"accordion-item\"><a id=\"accordion-2268249028-label\" href=\"#\" class=\"accordion-title plain\" aria-expanded=\"false\" aria-controls=\"accordion-2268249028-content\"><button class=\"toggle\" aria-label=\"Toggle\"><i class=\"icon-angle-down\"><\/i><\/button><span>Day 09 - PEREIRA \u2013 CARTAGENA \u2013 SUNSET BY THE BAY<\/span><\/a><div id=\"accordion-2268249028-content\" class=\"accordion-inner\" aria-labelledby=\"accordion-2268249028-label\">\nBreakfast at the hotel. Transfer to the Mateca\u00f1a International airport to take the flight (not included) to the city of Cartagena.<br \/>\nSuggested internal flight itineraries (Not included in the Program)<\/p>\n<p>AIRLINE ROUTE DEPARTURE TIME ARRIVAL TIME<br \/>\nAvianca Pereira \u2013 Cartagena 9:15 hrs. 13:01 hrs (stop)<br \/>\nArrivall. Welcome and assistance at the Rafael N\u00fa\u00f1ez International Airport and transfer to the hotel. Check &#8211; in. Accommodation.<\/p>\n<p>In the afternoon, transfer to the dock to enjoy a tour of the bay of Cartagena De Indias to appreciate the sunset. Return to the hotel. Accommodation.<br \/>\nDuration: 90 minutes<br \/>\nIncludes: transfer hotel \u2013 pier \u2013 hotel, Cuba Libre open bar, rum punch, lemonade, water and soda.<br \/>\nDoes not include: Premium drinks and snacks on board (additional charge), dock tax USD 5 per person.<br \/>\nDays of Operation : Wednesday to Monday<\/p>\n<p>Accommodation in a selected hotel<br \/>\nB\/-\/-<\/p>\n<\/div><\/div><div id=\"accordion-3825640845\" class=\"accordion-item\"><a id=\"accordion-3825640845-label\" href=\"#\" class=\"accordion-title plain\" aria-expanded=\"false\" aria-controls=\"accordion-3825640845-content\"><button class=\"toggle\" aria-label=\"Toggle\"><i class=\"icon-angle-down\"><\/i><\/button><span>Day 10. - CARTAGENA \u2013 CITY TOUR<\/span><\/a><div id=\"accordion-3825640845-content\" class=\"accordion-inner\" aria-labelledby=\"accordion-3825640845-label\">\n<p>Breakfast at the hotel. Panoramic tour in private transport unit equipped with air conditioning. Visit to the residential neighborhoods of Bocagrande, Castillogrande and Manga. Arrival at the Cima de la Popa, where you will have a complete view of the city. Guided visit to the convent and church. We will continue to the San Felipe de Barajas Castle, the most important military engineering work of Spain in America in the colony time and which protected the city from pirate attacks. At the end of this visit, return to the hotel along Santander Avenue where you will appreciate the bastions and walls of the historic center. Visit to the craft center Las B\u00f3vedas. Return to the hotel. Accommodation.<br \/>\nDuration: 4 Hours<br \/>\nDays of Operation: Every day<br \/>\nIncludes: Professional tour guide in English, private transportation, entrance to the mentioned places.<\/p>\n<p>Accommodation in a selected hotel<br \/>\nB\/-\/-<\/p>\n<\/div><\/div><div id=\"accordion-955922309\" class=\"accordion-item\"><a id=\"accordion-955922309-label\" href=\"#\" class=\"accordion-title plain\" aria-expanded=\"false\" aria-controls=\"accordion-955922309-content\"><button class=\"toggle\" aria-label=\"Toggle\"><i class=\"icon-angle-down\"><\/i><\/button><span>Day 11. - CARTAGENA \u2013 ISLA DEL ROSARIO (ISLAND OF CHARM) IN SHARED SERVICE<\/span><\/a><div id=\"accordion-955922309-content\" class=\"accordion-inner\" aria-labelledby=\"accordion-955922309-label\">\n<p>Breakfast at the hotel . Assistance at the hotel and transfer to the Bodeguita pier to take a speedboat that will take us to the Rosario islands (approx. 45 min ) appreciating a panoramic view of the Bay of Cartagena and Bocachica. Similarly we will admire a beautiful landscape with the forts of San Fernando and San Jos\u00e9. After navigating along the Island of Bar\u00fa you will arrive at the base Island in the Rosario Islands to enjoy its crystal clear waters. Free time to enjoy the sea and the facilities. In the afternoon return to Cartagena. Transfer to the hotel. Accommodation.<br \/>\nDuration: 8 Hours .<br \/>\nDays of Operation: Every day<br \/>\nIncludes: Tour of the group of Islands, transfer hotel &#8211; pier &#8211; hotel, typical Caribbean lunch<br \/>\nNot Included : Sailing taxes and Coralia (USD 10 per person) , entrance to the Oceanarium (USD 10 per person) .<\/p>\n<p>Accommodation in a selected hotel<br \/>\nB\/L\/-<\/p>\n<\/div><\/div><div id=\"accordion-1470949870\" class=\"accordion-item\"><a id=\"accordion-1470949870-label\" href=\"#\" class=\"accordion-title plain\" aria-expanded=\"false\" aria-controls=\"accordion-1470949870-content\"><button class=\"toggle\" aria-label=\"Toggle\"><i class=\"icon-angle-down\"><\/i><\/button><span>Day 12 - CARTAGENA \u2013 SANTA MARTA \u2013 CITY TOUR<\/span><\/a><div id=\"accordion-1470949870-content\" class=\"accordion-inner\" aria-labelledby=\"accordion-1470949870-label\">\n<p>Breakfast at the hotel. In the morning Land transfer in private service (Driver in Spanish) from the hotel in Cartagena to the hotel in Santa Marta (Duration approx . 4 hours).<\/p>\n<p>City Tour passing through the historic center and visiting the most representative attractions of the city such as the Cathedral Basilica of Santa Marta, the oldest cathedral in Colombia and where the remains of Rodrigo de Bastidas, the founder of the city, are buried. You will also visit the Gold Museum or Customs House, the San Pedro Alejandrino House Museum, a sugar mill farm from the time where the Liberator Sim\u00f3n Bol\u00edvar spent his last days. Then we will visit the statue in honor of the Colombian soccer player El Pibe Valderrama. Free time to take pictures and we will continue with a panoramic tour of Taganga or the El Rodadero sector (only one at the passenger&#8217;s choice). Return to the hotel. Accommodation.<\/p>\n<p>Duration: 4 Hours<br \/>\nIncludes: Private transportation, professional tour guide in English, entrance fees to the mentioned tourist sites.<\/p>\n<p>Accommodation in a selected hotel<br \/>\nB\/-\/-<\/p>\n<\/div><\/div><div id=\"accordion-3386827562\" class=\"accordion-item\"><a id=\"accordion-3386827562-label\" href=\"#\" class=\"accordion-title plain\" aria-expanded=\"false\" aria-controls=\"accordion-3386827562-content\"><button class=\"toggle\" aria-label=\"Toggle\"><i class=\"icon-angle-down\"><\/i><\/button><span>Day 13 - SANTA MARTA \u2013 TAYRONA NATIONAL NATURAL PARK \u2013 CABO SAN JUAN DEL GU\u00cdA<\/span><\/a><div id=\"accordion-3386827562-content\" class=\"accordion-inner\" aria-labelledby=\"accordion-3386827562-label\">\n<p>Breakfast at the hotel. Departure to the Tayrona Natural Park located 45 minutes from Santa Marta. This is a nature sanctuary with fascinating biodiversity, beaches and presence of indigenous cultures. After passing through the Ca\u00f1averal sector, we will begin our walk (approx. 1 hour) along the ecological trail until we reach the Arrecifes sector, a short stop to admire the landscape and take pictures. We continue to the beaches of Cabo San Juan with the guide on a walk of 30 min approx. Free time for a refreshing time in the sea. Free time for lunch (included). Return walking along the same path to the main entrance of the Park. Return to the hotel. Accommodation<br \/>\nDuration: 10 hours<br \/>\nIncludes: Private transportation, professional tour guide in English, entrance to the Tayrona Natural Park and typical lunch of the region.<\/p>\n<p>Accommodation in a selected hotel<br \/>\nB\/L\/-<\/p>\n<\/div><\/div><div id=\"accordion-3977460041\" class=\"accordion-item\"><a id=\"accordion-3977460041-label\" href=\"#\" class=\"accordion-title plain\" aria-expanded=\"false\" aria-controls=\"accordion-3977460041-content\"><button class=\"toggle\" aria-label=\"Toggle\"><i class=\"icon-angle-down\"><\/i><\/button><span>Day 14 - SANTA MARTA \u2013 NEXT DESTINATION<\/span><\/a><div id=\"accordion-3977460041-content\" class=\"accordion-inner\" aria-labelledby=\"accordion-3977460041-label\">\n<p>Breakfast at the hotel . Transfer to the Sim\u00f3n Bol\u00edvar International Airport to take the flight (not included) to the next destination.<br \/>\nB\/-\/-<br \/>\n<\/div><\/div>\n<\/div>\n<p>&nbsp;<\/p>\n<p><strong>End of services.<\/strong><strong>\u00a0<\/strong><\/p>\n<p><strong>RATES PER PERSON EXPRESSED IN US DOLLARS<\/strong><\/p>\n<table width=\"495\">\n<tbody>\n<tr>\n<td colspan=\"3\" width=\"206\"><strong>Iconic Colombia<\/strong><\/td>\n<td colspan=\"4\" width=\"289\"><\/td>\n<\/tr>\n<tr>\n<td width=\"77\"><strong>Category<\/strong><\/td>\n<td width=\"90\"><strong>City<\/strong><\/td>\n<td colspan=\"2\" width=\"185\"><strong>Planned Hotels<\/strong><\/td>\n<td width=\"48\"><strong>SGL<\/strong><\/td>\n<td width=\"48\"><strong>DBL<\/strong><\/td>\n<td width=\"48\"><strong>TPL<\/strong><\/td>\n<\/tr>\n<tr>\n<td rowspan=\"5\" width=\"77\"><strong>Superior Tourist<\/strong><\/td>\n<td width=\"90\">Bogota<\/td>\n<td colspan=\"2\" width=\"185\">Radisson Metrotel 74<\/td>\n<td rowspan=\"5\" width=\"48\"><strong>3225<\/strong><\/td>\n<td rowspan=\"5\" width=\"48\"><strong>1825<\/strong><\/td>\n<td rowspan=\"5\" width=\"48\"><strong>1570<\/strong><\/td>\n<\/tr>\n<tr>\n<td width=\"90\">Medellin<\/td>\n<td colspan=\"2\" width=\"185\">Ten Hotel<\/td>\n<\/tr>\n<tr>\n<td width=\"90\">Pereira<\/td>\n<td colspan=\"2\" width=\"185\">Sonesta<\/td>\n<\/tr>\n<tr>\n<td width=\"90\">Cartagena<\/td>\n<td colspan=\"2\" width=\"185\">Dann Cartagena<\/td>\n<\/tr>\n<tr>\n<td width=\"90\">Santa Marta<\/td>\n<td colspan=\"2\" width=\"185\">Best Western<\/td>\n<\/tr>\n<tr>\n<td rowspan=\"5\" width=\"77\"><strong>Higher<\/strong><\/td>\n<td width=\"90\">Bogota<\/td>\n<td colspan=\"2\" width=\"185\">Four Points By Sheraton<\/td>\n<td rowspan=\"5\" width=\"48\"><strong>3412<\/strong><\/td>\n<td rowspan=\"5\" width=\"48\"><strong>1940<\/strong><\/td>\n<td rowspan=\"5\" width=\"48\"><strong>1625<\/strong><\/td>\n<\/tr>\n<tr>\n<td width=\"90\">Medellin<\/td>\n<td colspan=\"2\" width=\"185\">Stellar Golden Mile<\/td>\n<\/tr>\n<tr>\n<td width=\"90\">Pereira<\/td>\n<td colspan=\"2\" width=\"185\">Santa Clara Farm<\/td>\n<\/tr>\n<tr>\n<td width=\"90\">Cartagena<\/td>\n<td colspan=\"2\" width=\"185\">Radisson Cartagena Ocean Pavilion<\/td>\n<\/tr>\n<tr>\n<td width=\"90\">Santa Marta<\/td>\n<td colspan=\"2\" width=\"185\">Hilton Garden Inn<\/td>\n<\/tr>\n<tr>\n<td width=\"77\"><\/td>\n<td width=\"90\"><\/td>\n<td width=\"39\"><\/td>\n<td width=\"145\"><\/td>\n<td width=\"48\"><\/td>\n<td width=\"48\"><\/td>\n<td width=\"48\"><\/td>\n<\/tr>\n<\/tbody>\n<\/table>\n","protected":false},"excerpt":{"rendered":"<p>This two-week itinerary in Colombia includes visits to five key destinations: Bogot\u00e1, the Coffee Cultural Landscape (Eje Cafetero), Medell\u00edn, Cartagena de Indias, and Tayrona National Park (Parque Tayrona). The journey begins and ends in Bogot\u00e1, with internal flights and bus rides facilitating travel between the cities. Each destination offers a unique exploration of Colombia&#8217;s diverse cultures, landscapes, and flavors\u200b<\/p>\n","protected":false},"featured_media":222,"comment_status":"closed","ping_status":"closed","template":"","meta":[],"product_cat":[18],"product_tag":[],"class_list":["post-221","product","type-product","status-publish","has-post-thumbnail","hentry","product_cat-colombia"],"acf":[],"_links":{"self":[{"href":"https:\/\/ecuadorwonders.com\/tours\/wp-json\/wp\/v2\/product\/221","targetHints":{"allow":["GET"]}}],"collection":[{"href":"https:\/\/ecuadorwonders.com\/tours\/wp-json\/wp\/v2\/product"}],"about":[{"href":"https:\/\/ecuadorwonders.com\/tours\/wp-json\/wp\/v2\/types\/product"}],"replies":[{"embeddable":true,"href":"https:\/\/ecuadorwonders.com\/tours\/wp-json\/wp\/v2\/comments?post=221"}],"wp:featuredmedia":[{"embeddable":true,"href":"https:\/\/ecuadorwonders.com\/tours\/wp-json\/wp\/v2\/media\/222"}],"wp:attachment":[{"href":"https:\/\/ecuadorwonders.com\/tours\/wp-json\/wp\/v2\/media?parent=221"}],"wp:term":[{"taxonomy":"product_cat","embeddable":true,"href":"https:\/\/ecuadorwonders.com\/tours\/wp-json\/wp\/v2\/product_cat?post=221"},{"taxonomy":"product_tag","embeddable":true,"href":"https:\/\/ecuadorwonders.com\/tours\/wp-json\/wp\/v2\/product_tag?post=221"}],"curies":[{"name":"wp","href":"https:\/\/api.w.org\/{rel}","templated":true}]}}